st common divisor of 292 and q.
73
Suppose 3*o = -3*k + 274 + 131, 3*o - 4*k = 363. Let m(g) = -119*g - 3. Let j be m(-4). Calculate the highest common divisor of j and o.
43
Suppose 32*t = 31*t + 4*z + 155, -4*z = -2*t + 330. Suppose -5*u + 40 = 5. Calculate the highest common divisor of u and t.
7
Suppose -185999 = -36*y - y. Calculate the greatest common divisor of 11 and y.
11
Suppose -5*q + 119 + 46 = 0. Let m be 80 - (1 + 6 + -5). Suppose 0 = -71*i + m*i - 231. Calculate the highest common factor of q and i.
33
Suppose 0 = -3*z + 101 + 55. Suppose -8*q + 6*q + z = 0. Suppose -38 + 12 = -v - 4*x, -v - 5*x + q = 0. Calculate the highest common factor of 130 and v.
26
Let j = 154 + -85. Suppose -12*w + 2001 = 17*w. Calculate the greatest common factor of w and j.
69
Let g be (-1 - -3)*31/2. Suppose -12 = 5*r - i, 7322 = -3*r - 2*i + 7359. What is the highest common factor of r and g?
1
Let w = 1675 - 913. Let t be 53/(-530) + w/20 + 1. What is the greatest common factor of 39 and t?
39
Let c(r) = -64*r - 1724. Let u be c(-32). What is the highest common factor of 738 and u?
18
Suppose 5*b - 553 = -7*y + 709, -5*b + 1252 = -3*y. Calculate the greatest common divisor of 1 and b.
1
Suppose 0 = 4*x + 19*o - 14*o - 52, 3*x - 4 = 5*o. Let z be ((-56)/5)/((80/(-225))/x). Calculate the highest common factor of 12 and z.
12
Let v be (-312)/(-14) - (-4)/(-14). Suppose -734*l + 1716 = -682*l. Calculate the highest common factor of l and v.
11
Let c be (-3)/(-1)*(-100)/(-6). Let b(g) = -g**3 + 208*g**2 + 6*g - 848. Let q be b(208). Calculate the highest common factor of c and q.
50
Let f(a) = 4*a**2 + 175*a + 13. Let q be f(-45). Calculate the highest common factor of 68 and q.
34
Let o be -5*3*(-46)/10. What is the greatest common factor of o and 529?
23
Suppose -34 - 30 = n. Let d = n - -183. What is the highest common divisor of 7 and d?
7
Let i = 442 - 325. Let d(a) = a**3 + 8*a**2 + 3*a - 10. Let m be d(-7). What is the greatest common factor of m and i?
9
Let b = -3788 - -4347. What is the highest common factor of 13 and b?
13
Let q = 30785 - 30771. Let f be (-3 + 0)*70/(-3). What is the highest common divisor of f and q?
14
Let a = 4015 - 1010. What is the greatest common factor of a and 5?
5
Let g = 33 + -29. Let t(d) = 10*d + 11. Let k be t(g). Let c = -46 + k. Calculate the highest common divisor of 20 and c.
5
Let p(x) = -9*x + 2595. Let l be p(-37). What is the greatest common divisor of 144 and l?
48
Let i = 988 - 722. Calculate the highest common divisor of i and 1425.
19
Let p = 46 - 61. Let c be -3*(29/p + 6/(-15)). What is the greatest common divisor of 238 and c?
7
Suppose 0 = -5*q + 4*f + 86, 0 = 2*f + 3*f - 5. Let k(t) = 21*t - 333. Let g be k(15). Let w be 5/q*422 + 4/g. What is the highest common factor of w and 39?
39
Let u be -46*(-5)/40*(-50 + 58). Suppose 0 = 3*t + 9 - 78. Calculate the greatest common divisor of t and u.
23
Let r be (4/(-14) - 1480/(-35)) + -1. Suppose -498 = -r*q - 47. What is the greatest common divisor of 11 and q?
11
Suppose 13*m - 19*m = -30. Let y(b) = b**2 - 2*b. Let a be y(m). Suppose 2*q = -2*s - 0*q + 16, -2*q + 26 = 4*s. What is the highest common divisor of a and s?
5
Suppose 27*y - 2025 = 2*y. Suppose 3*p - 4*z = -1, -2*p + 0*p + 3*z = -1. Let v(o) = -3*o - 12. Let n be v(p). Calculate the greatest common factor of y and n.
9
Suppose 3*l + n + 162 = 32, 2*n = l + 34. Let s = 194 + l. What is the greatest common divisor of 190 and s?
38
Let r(b) = 129*b + 1. Let m be r(1). Suppose 106135*t - 106177*t + 210 = 0. What is the greatest common factor of m and t?
5
Let p = -219 + 222. Let s be -2 + p - 38*(-3)/6. Calculate the highest common divisor of 260 and s.
20
Let i(g) = g**3 - 3*g + 2. Let z be i(7). Let y be (2 + 1)/(4/12). Calculate the highest common divisor of z and y.
9
Let l(j) = j**3 + 15*j**2 + 6*j - 77. Let a be l(-11). Let r = -11 + 42. What is the highest common divisor of a and r?
31
Let u(h) = h**2 - 4*h - 1. Let w be u(3). Let f = w + 5. Suppose -26 + 94 = 17*c. Calculate the greatest common divisor of f and c.
1
Let u(p) = -p**3 - 16*p**2 - 17*p + 9. Let c be u(-8). Let j = 418 + c. Calculate the greatest common factor of j and 357.
51
Suppose 664 = a - v, 3*v = -3*a - 2*v + 1984. Let r be 1180/11505 - 15880/(-312). What is the highest common factor of r and a?
51
Let b(u) = u**3 + 4*u**2 + 2*u - 1. Let s be b(-3). Suppose -41 = -s*o + 25. What is the greatest common divisor of 11 and o?
11
Let j be 0 + (-23226)/(-11) - (-9 - (-279)/33). Calculate the highest common factor of 24 and j.
24
Suppose 7*d - 6*d - p = 250, 4*p = 5*d - 1252. Calculate the highest common divisor of 1596 and d.
84
Let z(m) = -158*m**2 + m. Let q be z(-1). Let g(n) = 36*n + 55. Let x be g(-11). Let w = q - x. What is the highest common divisor of w and 14?
14
Let g = -4886 - -5741. What is the greatest common divisor of g and 25?
5
Suppose 2015 = 3*s + 5*v, -604*v - 3313 = -5*s - 601*v. Calculate the greatest common divisor of 4921 and s.
133
Let r = 35 + -56. Let m(q) = -q**2 - 27*q + 22. Let l be m(r). What is the greatest common divisor of l and 37?
37
Let y(v) = -v**2 + 3*v + 90. Let s be y(-8). Let j be (-2)/4 - 13/2. Let h be (-124)/(-7) + (-2)/j. What is the greatest common factor of h and s?
2
Suppose 32 = -4*c + 116. Let u = 25154 - 24965. What is the greatest common factor of c and u?
21
Let j be (4 - 150/8)*-4. Let r = 284 - j. Suppose d = -3*o + 5*o - r, d = -o + 105. What is the highest common factor of o and 44?
22
Let m(x) = 5*x**3 + 3*x**2 - 6*x + 19. Let z be m(4). Let o = -198 + z. What is the highest common divisor of 99 and o?
33
Let i(j) = -j + 16. Let g be i(9). Let q(u) = u + g*u**3 + 0*u**3 - 6*u**3 + 2*u - 3*u**2. Let x be q(2). What is the highest common divisor of 1 and x?
1
Let n = 217 - 103. Let r be 2/(-12) - (-133)/n. Let k be 2 + -1 - (-15 - -6). What is the greatest common divisor of k and r?
1
Suppose 0 = 14*y - 59733 - 115984 + 49213. Calculate the highest common factor of y and 36.
36
Let t(x) = -x**2 - 37*x + 1148. Let h be t(-41). What is the greatest common factor of h and 36?
12
Suppose -230*q - 2 = -231*q. Suppose q*v = 3*m + 20, -4*v - 2*m = m - 4. Calculate the highest common factor of 8 and v.
4
Suppose 173*z = 49*z + 136152. What is the greatest common divisor of 54 and z?
18
Let u = 23812 - 23420. What is the highest common factor of 1624 and u?
56
Suppose 2024 = -117*c + 119*c + 2*t, -5*t = -5*c + 5140. What is the greatest common factor of 50 and c?
10
Suppose -840*b = -999*b + 5088. Let d be 3 - 1 - (0 - -8). Let y(j) = -j**3 + 2*j**2 - 4*j + 8. Let z be y(d). What is the greatest common factor of b and z?
32
Let t(w) = -w**3 + 12*w**2 - 20*w - 86. Let i be t(-10). Calculate the greatest common divisor of 26 and i.
26
Let h be (-112)/6*(-3)/((-120)/70)*-9. What is the highest common divisor of h and 222?
6
Suppose -5*i + 4*q + 238 = -2*i, 5*i + 4*q = 354. Let r = i + 73. Calculate the highest common factor of r and 21.
21
Suppose 0 = w + 3*o - 18, -w + 5*o - 13 = 9. Let g(h) = 42*h + 4. Let k be g(w). What is the highest common factor of k and 195?
65
Suppose -279 + 381 = 2*m + 2*w, 2*m + 4*w = 88. Calculate the greatest common divisor of m and 1537.
29
Suppose -55139 = -46*y + 3925. What is the highest common factor of 24 and y?
12
Let x be 182/10 - 2/10. Suppose -3*f + 3*q = -12, 5*f = 47*q - 50*q + 60. What is the greatest common divisor of x and f?
9
Suppose 5*o + 3 - 18 = 0. Suppose o*v - 904 = -64. What is the highest common divisor of 40 and v?
40
Let z = 24581 + -21348. What is the greatest common factor of 1166 and z?
53
Let h = -99 - -101. Suppose -3*n + 871 = -a - 651, h*n + a = 1008. Calculate the greatest common divisor of n and 11.
11
Suppose 3*i - 7079 = m, -18634 + 6837 = -5*i + 2*m. Suppose -4*h = 2*y + 639 - i, -4*h = 3*y - 2583. What is the highest common factor of 21 and y?
21
Let b = -31 + 238. Suppose -33*c = 217 - 514. What is the highest common divisor of b and c?
9
Let a(f) = -59*f + 1. Let u = 140 + -142. Let b be a(u). Calculate the greatest common factor of 34 and b.
17
Let g = -989 + 991. What is the greatest common divisor of g and 30?
2
Suppose 64 = h + 4*s, 4*h - 268 - 32 = 6*s. What is the highest common divisor of 2320 an